e the remainder when o(-37) is divided by w(6).
10
Let c be (-2 + 8)*8/(-12). Let b(l) = -21*l + 2 - 4 + 10. Calculate the remainder when b(c) is divided by 31.
30
Suppose o = -5*o - 210. Let t = 42 + o. Suppose 135 = z + 4*z. What is the remainder when z is divided by t?
6
Let k = -16 - -28. Let o = -53 + k. Let w = -24 - o. What is the remainder when w is divided by 10?
7
Let a = 573 - 169. What is the remainder when a is divided by 58?
56
Let i(k) = k**2 + 4*k + 9. Let p(o) = 15 - 2*o + 2*o + 0*o + o. Calculate the remainder when i(-6) is divided by p(-9).
3
Let r = 182 - 26. Suppose 24 = 6*j - r. Let h = -12 + j. Calculate the remainder when 52 is divided by h.
16
Let z be (5/(-10))/(2/(-4)). Let x be z/4 + (-3)/12. Suppose 5*p - 4*p - 98 = x. Calculate the remainder when p is divided by 33.
32
Let q(l) = 11*l + 8. Let s be q(6). Let x = s + -14. Suppose -5*u + 155 - x = 0. Calculate the remainder when 37 is divided by u.
18
Let i = 103 - 19. Suppose -u - 2*u + i = 0. Let c = u - 16. What is the remainder when c is divided by 8?
4
Calculate the remainder when (468/(12/2))/(9/6) is divided by 18.
16
Let a(t) = -3*t - 10. Let v be a(-8). Let k = 29 - v. Calculate the remainder when 57 is divided by k.
12
Let q(o) = 2*o**2 + 55*o - 3. Calculate the remainder when q(-28) is divided by 1/((1/(-9))/(-1)).
7
Suppose z + 2*s - 54 + 16 = 0, 3*z - 108 = -4*s. Calculate the remainder when z is divided by 8.
0
Let x(q) = q**3 - 4*q**2 - 8*q + 7. Suppose -4*m - 2*d = -5*d - 9, -3*d = -15. What is the remainder when 90 is divided by x(m)?
28
Suppose 2*c - 495 = -341. Let x(d) = -d. Let n(z) = -7*z - 4. Let i(m) = -n(m) + 5*x(m). Calculate the remainder when c is divided by i(8).
17
Suppose -5*u - 6*m + 154 = -3*m, -2*u + 2*m + 68 = 0. Suppose 4*b - 36 = -0*b. Calculate the remainder when u is divided by b.
5
Let o be ((-6)/5)/((-34)/85). Suppose o*j - 19 - 8 = 0. Suppose -2*x - 5*a + 31 = 0, j = -3*x + 3*a + 3. Calculate the remainder when x is divided by 1.
0
Suppose -84*q - 36 = -80*q. Let f(j) = -2*j**2 - 39*j + 4. Calculate the remainder when f(q) is divided by 14.
11
Let k = 59 + 4. Let m = 77 - k. Calculate the remainder when m is divided by 4.
2
Suppose 269*y + 17 = 270*y. Calculate the remainder when 40 is divided by y.
6
Suppose 0 = 14*q - 277 - 73. Calculate the remainder when 93 is divided by q.
18
Suppose 61 = 15*n - 11*n - 3*u, -3*n + 24 = 5*u. Let k = 8 - 5. What is the remainder when n is divided by k?
1
Suppose 17 - 194 = -q. Let g = 276 - q. What is the remainder when g is divided by 34?
31
Let t = 356 + -344. Calculate the remainder when 142 is divided by t.
10
Let p be (-16)/(-3 + 2 + 0). Suppose -198 = -p*c + 13*c. Calculate the remainder when c is divided by 17.
15
Let n = -103 - -83. Calculate the remainder when 13 is divided by 5/(n/(-8)) + 6.
5
Let p(r) = -r**3 - 12*r**2 + 13*r + 4. Let l be p(-13). Suppose l*f - 12 = 12. What is the remainder when 7 is divided by f?
1
Suppose 0 = -2*w + 8 + 6. Let u = 2103 + -2124. What is the remainder when 34 is divided by ((-216)/u)/6*w?
10
Let t(g) = 5*g**2 - 2*g. Suppose -14*o = -17*o - 9. Calculate the remainder when -8 + 80 + 9/o + 0 is divided by t(-2).
21
Let g = 411 + 119. What is the remainder when 156 is divided by (0 + g/(-5))/(-2)?
50
What is the remainder when -2*(-2 + ((-335)/10)/1) is divided by 42?
29
Let m = -44 + 54. Suppose -3*t + m + 5 = 0. Calculate the remainder when (3/2)/(6/56) is divided by t.
4
Let h(r) = r**2 + 18*r + 2. Calculate the remainder when h(-24) is divided by 17.
10
Let w = -35 + 36. Let m be 6/(-2)*w + 228. Suppose m = 4*l + 2*q + 21, 4*l = -5*q + 192. Calculate the remainder when l is divided by 19.
15
Let o be -3 + 93 + 4 - 4. Suppose -12*p = -7*p - o. Calculate the remainder when p is divided by 5.
3
Suppose 1 = -5*t - 29. What is the remainder when 37 is divided by t - 891/(-36) - 2/(-8)?
18
Suppose 0 = -4*z - k + 5*k + 76, 2*z - 41 = 5*k. Let g = -8 + z. Calculate the remainder when 30 is divided by g*((-32)/10)/(-4).
6
Calculate the remainder when 141 is divided by (11312/(-12))/(-7) - (-2)/6.
6
Let t be (-20)/6 + (-3)/(-9). Let p be 2/t*(4 + -7). Suppose n - 2*n = -p. What is the remainder when 4 is divided by n?
0
Suppose 4*f + 4*j - 6*j - 34 = 0, -5*f + 10 = 4*j. Suppose -164 + 2 = -6*b. What is the remainder when b is divided by f?
3
Let r(y) be the third derivative of y**5/60 - 2*y**4/3 - 5*y**3/3 - 5*y**2. Calculate the remainder when r(20) is divided by 20.
10
Let c(b) = -b**3 + 5. Let q be c(0). Suppose -55 + 7 = -4*t + q*a, -5*t = 3*a - 97. Let n = -8745 + 8756. Calculate the remainder when t is divided by n.
6
Let s(o) = o**3 + o**2 - 4*o - 1. Let y be s(-3). Let t be 6/24 + y/(-4). Suppose t*x = 3 + 3. Calculate the remainder when x is divided by 2.
1
Let w(y) = -y**2 + 70*y + 401. What is the remainder when 70 is divided by w(-5)?
18
Let c(k) = -k**3 - 40*k**2 - 38*k + 91. What is the remainder when 204 is divided by c(-39)?
48
Let g = -9 + 6. Let d(q) = -5*q - 2. What is the remainder when 1975/40 - (-12)/(-32) is divided by d(g)?
10
Let v = -402 + 418. Calculate the remainder when 59 is divided by v.
11
Let k = 12 - 6. Suppose -k*m - 170 = -5*y - m, 96 = 3*y - m. What is the remainder when y is divided by 16?
15
Let l = -72 - -104. Calculate the remainder when (-8)/(l/(-204)) - 1 is divided by 26.
24
Let n(i) = 12*i**2 - 5*i - 2. Let u be n(5). Let g = 469 - u. Calculate the remainder when g is divided by 18.
16
Let d(l) = 2*l + 6. Let v be d(2). Suppose z - v = 11. What is the remainder when 82 is divided by z?
19
Suppose 22 = b + 13, 0 = -3*o + 4*b + 51. Suppose -6*u = -4*u + 6. Calculate the remainder when ((-226)/(-6))/((-1)/u) is divided by o.
26
Let w(c) = -c**2 + 12*c - 3. What is the remainder when w(3) is divided by 18?
6
Let q(a) = a**3 + 9*a**2 - 13*a + 12. Let v be q(-10). Suppose -5*o + v = -2*o. Suppose 0 = 5*j - 13 - 17. Calculate the remainder when o is divided by j.
2
Let b = -998 - -1098. What is the remainder when 309 is divided by b?
9
Suppose p = -4*j + 96, -4*p = -0*j + 3*j - 449. What is the remainder when p is divided by 13?
12
Suppose n + 2*n = 24. Let b = 1191 - 1186. What is the remainder when n is divided by b?
3
Calculate the remainder when 389 is divided by -3*52/(-16)*4.
38
Let k be (12/(-9))/(18/189). Let g = 142 + k. What is the remainder when g is divided by 43?
42
Let v(z) = z**2 + 2*z + 71. Calculate the remainder when v(10) is divided by 15.
11
Let f = 63 - 34. Let b(h) = h**2 + 2*h. Calculate the remainder when f is divided by b(-5).
14
Let i(c) = c**3 + 4*c**2 - 3*c + 3. Let u be i(-3). Calculate the remainder when 198/u*3 + 6/(-21) is divided by 15.
13
Suppose -2*b + 6 = -0*b, -3*v + 4*b + 33 = 0. Suppose 4*k - 152 = -4*g, -g + 2*k = 3*g - 170. What is the remainder when g is divided by v?
11
Suppose 50*k = 52*k - 84. Suppose 4*x = 6 + k. What is the remainder when x is divided by 1?
0
Let u = -65 + 56. Calculate the remainder when 85 is divided by (u/27)/(-1 - (-86)/87).
27
Let a(c) = 2*c**2 - 6*c + 1. Let h be a(4). Suppose 3*x = h + 6. What is the remainder when 13 is divided by x?
3
Suppose -2*r = 2*x + 10, -3*x + 3*r + r = -6. Calculate the remainder when (84/(-9) + 1)*-3 is divided by 3 + 16/(2 - x).
4
Let j be 20/(-15) + 1264/12. Suppose -5*c + j = -66. What is the remainder when 66 is divided by c?
32
Let w(o) = -2*o**2 + 17*o - 5. Calculate the remainder when 207 is divided by w(7).
15
Suppose 20*n - 26*n + 432 = 0. Calculate the remainder when 354 is divided by n.
66
Suppose 4*j + 16 = 2*r + 144, 2*r = -j + 37. Calculate the remainder when 60 is divided by j.
27
Suppose 11*g - 319 = -0*g. What is the remainder when 228 is divided by g?
25
Let p(n) = -n**3 - 3*n**2 + 9*n + 1. Let g(d) = 3*d - 14. Let m be g(10). Let t = -22 + m. What is the remainder when p(t) is divided by 19?
17
Let s(n) = 48*n + 588. Calculate the remainder when s(-6) is divided by 16.
12
Let s = -29 - -26. What is the remainder when (1 - 108/s) + 3 is divided by 15?
10
Suppose 7*y - 205 - 222 = 0. Let f(a) = 21*a. Calculate the remainder when y is divided by f(1).
19
Let x(r) = -r**3 + 3*r - 2. Suppose 7*b - 11*b = 16. Calculate the remainder when b/8*((-177)/3 - -1) is divided by x(-3).
13
Let g(m) = 16*m + 51.